Let q be 9 - 63/(-10 + 17). Let h(j) = -j**3 + j**2 + j + 2. Give h(q).
2
Suppose 15*l = -15*l + 13*l. Let q(n) = -49 - 4*n**2 - 2*n + 50 + l*n. Calculate q(-2).
-11
Let l = 82 - 77. Suppose -2*m + k = 2*k - 19, l*k = 4*m - 3. Let h(a) = 2*a - 6. Calculate h(m).
8
Let s = -20 - -22. Suppose -s*w + 3*h = w - 21, 4*w = -3*h + 21. Let u(g) = g**2 - 6*g - 3. Give u(w).
-3
Let a(s) be the third derivative of s**4/3 - 2*s**3/3 + 752*s**2. Give a(1).
4
Let v(o) = o + 5. Let p(a) = -22*a**3 - 30*a**3 + 51*a**3 + 5 + 5*a**2 - a. Let w be p(5). Calculate v(w).
5
Let u(o) = -o**2 + 3*o - 1. Let j(p) = -3*p + 4. Let k(b) = 7*b - 9. Let m(r) = -9*j(r) - 4*k(r). Let c(h) = 5*m(h) - u(h). Give c(6).
-11
Let m(l) = -4 + 11 + 1 + 4*l + 0 + 3. Determine m(-4).
-5
Let h(o) = -o**2 - 2*o - 1. Let d(x) = 3*x**2 - 5*x - 10. Let r(j) = d(j) + 2*h(j). Give r(9).
-12
Let d(r) = -15*r - 1. Suppose 0 = 12*c - 7*c - 20, -2*c - 22 = 6*l. Calculate d(l).
74
Let z = 4 + -13. Let t(s) = 10 - 130*s + 132*s + 38*s**2 - 29*s**2 + s**3. Give t(z).
-8
Let a(f) = -7*f + 11. Let o(k) = -10*k + 17. Let h(t) = 7*a(t) - 5*o(t). Give h(7).
-1
Let a(x) = -2*x + 6. Let u = -9 - -14. Suppose -u*t + 16 = -4. Suppose t*o + 4 = 0, -2*j - o + 11 = -0*j. Give a(j).
-6
Let n(i) = i**2 + 4*i. Let q = 3 + -11. Let r = q + 12. Suppose -5*j = -4*j + r. Give n(j).
0
Let x(v) = 5*v**2 - v - 4. Let j(l) be the second derivative of -l**4/12 - l**2/2 + 14*l. Let o(t) = -6*j(t) - x(t). Give o(0).
10
Let h(u) be the first derivative of -3*u**2/2 - 3*u + 11. Suppose -2*f = -4*f + 30. Suppose 4*s + f = -s. Determine h(s).
6
Suppose 2*i + 38 = 5*l, 1 = -2*l - 2*i + 5. Let k(b) = b**2 - 4*b. Let d(h) = -3*h**2 + 12*h + 1. Let z(q) = -3*d(q) - 8*k(q). What is z(l)?
9
Let r(u) be the third derivative of -u**6/120 + u**5/12 + u**4/3 - 5*u**3/2 - 220*u**2 + u. Determine r(6).
-3
Let c(g) = -3*g**2 + g + 2. Let u(j) = 9 - j**2 - 9 + 3*j**2 + 2 + 5*j. Let y be u(-3). Suppose -y*z + 6 = -4. Calculate c(z).
-8
Let b(a) = 8*a**3 + a**2 + 4*a - 3. Let t(k) = -k**3 + k**2 - k + 2. Let o(w) = b(w) + 6*t(w). Determine o(-4).
1
Let s(b) = -b**2 + 2*b + 1. Let q = -480 + 485. Suppose 5*h = -0*h + 20. Suppose h*w - 40 = -q*g, 3 = -4*g + w + 14. Calculate s(g).
-7
Let r(u) = u + 18. Let f be 6/21 + 100/(-7). Let y be r(f). Let o(p) = y + 25*p - 2 - 23*p. Calculate o(-4).
-6
Let o(k) = 145*k - 8 - 76*k - 71*k. What is o(-6)?
4
Let q be (-4 - (4 - 7))*-1. Let b(g) be the first derivative of -4*g**2 - g + 2. What is b(q)?
-9
Let o(w) be the first derivative of -w**3/3 + 3*w**2 + 8*w - 1. Let s = -7 - -8. Let l be (3/(-2))/(s/(-4)). Calculate o(l).
8
Let h(o) = o**2 - 17*o. Let q(u) = u**2 - 41*u - 1. Let a(c) = 2*h(c) - q(c). Let p = -7 - -4. Give a(p).
-11
Let h(l) = l**2 + 8*l - 14. Suppose 29*v - 13*v + 160 = 0. Calculate h(v).
6
Let k(w) = -2*w - 8. Let f be k(-5). Let l(a) = 6 - 7*a**2 - f*a**2 + 10*a**2 + 7*a. Give l(-7).
6
Let m(g) = -g**2 + g - 10. Let c = -464 + 464. What is m(c)?
-10
Let q(a) = 3*a**2 - 2*a + 3. Let f(i) = -2*i**3 + i**2 + 2*i - 3. Let z be f(2). Let w(k) = 8*k**2 - 7*k + 9. Let v(r) = z*q(r) + 4*w(r). What is v(-6)?
3
Let t(z) = -z - 7. Let g be t(-9). Suppose -g*d + 36 = -6*d. Let c = d + 6. Let q(l) = -l**3 - 3*l**2 + 4. What is q(c)?
4
Let u = 1009 + -1026. Let n(x) = 2*x**2 + 32*x - 39. Calculate n(u).
-5
Let c(g) = -5 + 93*g - 21*g - 18*g - 16*g - 27*g. Calculate c(-3).
-38
Let g(f) = -f**2 + 5*f - 4. Let v = 27 - 17. Let r = v + -7. What is g(r)?
2
Let m = 10 + -3. Let p = -3 + m. Suppose 0*u + c = -p*u - 8, 0 = 2*c. Let z(d) = d**3 + d**2 - 2*d. What is z(u)?
0
Let b(v) = 3*v - 3*v - 4*v. Let l(k) = 2 + 9 - 4*k + k. Let z be l(4). What is b(z)?
4
Let l be (-1 - 1) + 2*-1. Let c be (l - 0) + (-4)/2. Let j(f) = 2*f - 225 + 222 - f. Calculate j(c).
-9
Let g(i) = 2*i - 2. Suppose 3*a - 7*a - 56 = -4*o, 2*a + o + 28 = 0. Let x be (-4)/a + 550/35. Suppose 3*f = -f + x. Give g(f).
6
Let k(c) = -17*c + 1. Let d = 39 - 0. Let h be d/(-33) + (-4)/(-22). Calculate k(h).
18
Let s(n) be the third derivative of -n**5/20 + n**4/8 + n**3/6 + n**2 - 21*n. Calculate s(2).
-5
Let t(l) = -l**3 + 10*l**2 - 20*l. Let f be t(6). Let y(w) = f*w - 53*w + 10 + 28*w. What is y(0)?
10
Suppose -7 + 7 = 7*h. Let f(b) be the second derivative of b**5/120 - b**4/8 + b**3/2 + b. Let z(n) be the second derivative of f(n). Give z(h).
-3
Suppose -r + 2*h = 3, -2*r - 12 = -5*h - 3. Let n(y) = -21*y + 5. Give n(r).
-58
Suppose -4*r - 12 - 4 = -2*i, 4*i = -5*r - 7. Let c(l) = 15 - l**3 - 3*l + 5*l - 4 - 3*l**i - 8. Suppose -14 = 4*a - 2. Give c(a).
-3
Let z(k) = 3*k**2 + 324*k. Let v be z(-108). Let f(c) = 2 + 10 + c - 2. Determine f(v).
10
Let w(d) be the first derivative of d**3/3 + 3*d**2 - 17*d - 16. Determine w(-8).
-1
Let d = -7 - -10. Let l be (-8)/(-20)*5/1. Let o(p) = -5*p + 3 - 3*p**2 + 7*p**l + 0*p**2 - p**3 + 4*p. Calculate o(d).
9
Let a(m) = m**3 + 4*m**2 - m - 1. Let g(q) = -2*q**3 - 22*q**2 + 5*q + 5. Let c(v) = 6*a(v) + g(v). Determine c(-1).
-2
Let u(b) = 4*b + 2. Let z(a) = -15*a - 25. Let j(i) = 3*u(i) + z(i). What is j(-8)?
5
Suppose 2*c - 5 = -3*c - r, c + 3*r + 13 = 0. Suppose z = -3*w + 9, -5*w - 4*z = -13 - c. Let l(u) = -u**2 + u + 4. Calculate l(w).
-2
Let z(h) be the second derivative of h**5/20 - 2*h**4/3 + h**3 + 2*h**2 + 70*h. Give z(5).
-41
Suppose -8 - 8 = 4*m. Let q(k) be the third derivative of k**5/60 + k**4/4 + 5*k**3/6 + 8*k**2 - 7. What is q(m)?
-3
Let c(g) = -g. Let a be c(-4). Suppose -3*x - 9 = 2*x + o, 2*o = a*x + 10. Let h(b) = -5*b - 1. Determine h(x).
9
Let r = 6 + -20. Let f be (-14 - r) + -27 + 0. Let p = -29 - f. Let a(c) = c**2 + 2*c. Determine a(p).
0
Let o(f) = -f**2 + 6*f - 6. Suppose -4*p + j = -35, 0 = 9*p - 13*p - 4*j + 40. Calculate o(p).
-33
Let w(x) = -237*x + 236*x - 5 + 3. Calculate w(-8).
6
Suppose -y = -p + 1 + 4, -4*y - 2 = 2*p. Let k(r) = 7 - 5*r**2 + 12*r**3 - 2 - 13*r**p + 5*r. Give k(-6).
11
Let z(w) = 14 - 3 - 10 + 3*w**2 - w**3 + 5*w - 2. Determine z(4).
3
Let n(s) = -4*s - 2 + 0 + 2*s. Suppose -4*h = -3*a + 35, 15 = -5*h + 2*h. Suppose -a*l = 30 - 5. What is n(l)?
8
Suppose u - 4*w = -3*u + 16, -4*u = w - 11. Let b(r) = 4*r**3 - 3*r**u - 67 + 35 + 36 - 7*r**2. What is b(7)?
4
Let m(p) = 3*p**2 + 17*p - 5. Let y(v) = 5*v**2 + 26*v - 7. Let n(d) = -8*m(d) + 5*y(d). Determine n(6).
5
Let z(a) be the first derivative of a**2 + 3*a - 17. Give z(-5).
-7
Suppose 3*t - t + 4*w - 20 = 0, -3*w = -3*t + 75. Suppose t = 2*g + 6. Let v(a) = -a**2 + 6*a + 1. Calculate v(g).
-6
Let g(h) = -h**2 + 8*h + 10. Let d be g(10). Let w(v) = v**3 + 9*v**2 - 10*v - 11. What is w(d)?
-11
Suppose 3 + 3 = -3*i, 22 = 2*r - 4*i. Suppose -r*y + 11*y = 112. Let f = y + -27. Let q(m) = 6*m**3 - 2*m**2 + 2*m - 1. Calculate q(f).
5
Let x be (-5)/10*44/(-2). Let b(s) = 24 - 12 - x + 2*s + s**2. Calculate b(-3).
4
Let x = -750 - -741. Let s(a) = a**2 + 10*a + 17. Give s(x).
8
Let d(c) be the first derivative of c**3/3 - c - 3. Let x be d(1). Let n(u) = 1 - 4 + 9 + 2 - u. Give n(x).
8
Suppose 0 = -3*l - 0*r - 3*r + 21, -3*l = -r - 5. Suppose l*o = 2*m + 20, o + 11 - 34 = 3*m. Let q be m/(-6) + 2/(-12). Let s(p) = 4*p. Calculate s(q).
4
Suppose -y + 4 = -2*y. Let a(g) be the second derivative of g**5/20 + g**4/3 - g**3/2 - 2*g**2 - 1742*g. What is a(y)?
8
Let h(l) be the third derivative of -l**6/120 + l**5/30 - 5*l**4/24 + 2*l**3/3 - 211*l**2 - 1. What is h(3)?
-20
Let i(g) = 2*g - 2. Suppose 4*a = 3*s + 407, -s + 325 = 4*a - 78. Let z = a + -101. What is i(z)?
-2
Let q(n) = -n**3 - 2*n**2 + 7*n + 5. Let o be (-494)/152 + (-1)/(-4). Suppose w - j = -w, -5*j - 11 = w. Let p be 3 + -3 + w + o. Calculate q(p).
9
Let r(k) = 5*k**2 + k + 1. Suppose d + n + 40 = 0, -2*n + 1 = -3. Let y = -43 - d. What is r(y)?
5
Let l(w) = -w + 9. Suppose -2*t = 3*t + 3*r, 5*t + r = 0. Calculate l(t).
9
Let j(d) be the first derivative of -d**2/2 - 2*d + 466. Let o(r) = -3*r + 1. Let l be o(-1). Suppose 3*t + 6 = 3*q, 4*q + 33 = -5*t - l. Give j(q).
1
Let q(b) = b**2 + 6*b + 4. Suppose -2*v + 38 = -0*v. Let d = -13 + v. Let s be (-38)/d + (-3)/(-9). Calculate q(s).
4
Suppose -2*h + 0 + 8 = 2*y, 5*h + 4*y = 17. Let s be (h*-1)/(14/(-28)). Let c(m) = -3*m**2 + 2*m - 3. What is c(s)?
-11
Let r(p) = p**2 + 2*p - 8. Let t b